- (132 - -86)) + 118.
-1
Evaluate (-1 - -1 - 7) + 298 + -281 - 38.
-28
What is -13 - 41 - (-87 - -85)?
-52
Calculate 16 - (22 - 3) - 29 - -8 - -2.
-22
Calculate -19 - (0 - -14 - (-17 - 6 - -15)).
-41
What is the value of 60 - 7 - (-1595 + 1635)?
13
What is the value of 15 + -18 + -4 + -103 - (-8 - 6)?
-96
What is the value of 1 - (-2 + 141) - (53 + 4 + 33 + -89)?
-139
Calculate (-16 - (22 + -49)) + (0 - -2) + 9.
22
Evaluate -3 + (9 - (0 + 9 - 7)) + 22.
26
Calculate (2 - 23) + (121 - 89 - 48).
-37
What is the value of (-17 - (101 + -138)) + 1 + -77?
-56
Calculate (45 - -1 - 127) + 6.
-75
What is the value of -225 - (8 + -93) - -211?
71
Evaluate -5 - 1 - (20 - (36 - 21) - 60).
49
What is the value of 164 + -45 + -122 + (-2 - -2) + -52?
-55
Evaluate (-18 + 7 - -6 - 3) + 57 + -11 + 1.
39
What is (-73 - -43) + (12 - -7) + 19?
8
Calculate 6 + (-5 - (5 + -9 - 16) - 24) - 29.
-32
What is the value of -3 - (0 + 1 + -99 + -1 + -2368 + 2376)?
88
What is the value of (26 - 2) + (-104 - -145)?
65
Calculate 36 + 0 + (97 - 109) - -22.
46
Evaluate (70 - 34) + -24 - (3 + 0 + -3).
12
Calculate -3 + (18 - (-7 + 2) - 6) + -42.
-28
Evaluate 76 + (-6 - (58 - -50)).
-38
What is the value of -5 + 55 + 8 - 108?
-50
Evaluate (-118 + 74 - -91) + -84.
-37
Calculate -4 + (-3 - -5) + -33 - (18 - (-26 + 36)).
-43
Calculate 56 - (6 + 16 + -19 + (9 - (-4 - -10))).
50
What is (6 - (107 + -9)) + 27 + 15 + 0?
-50
Calculate 50 + -20 + 10 + -57.
-17
What is (49 - 32) + -14 + 1 + -5 + -3?
-4
What is (-16 - -3) + -17 + 26 + -3 + -2 + -11?
-20
What is the value of 69 + 4 + -185 + 173 + (-2 - -11)?
70
What is the value of 4 - -1 - (28 - (3 - 5))?
-25
What is (34 - 16) + -4 + 51?
65
(-8 - (-2 + (-12 - -10))) + -2 + 8 + -31
-29
Calculate (0 + -2 - (7 - 0)) + 5 + (-70 - -9).
-65
Evaluate (-6 - (-9 + 4)) + -9 + 3 + 10 + 37.
40
7 + 7 - (15 + 4 - 4) - (80 - -1)
-82
Evaluate -3 + 20 + -28 + (20 - 1 - -1).
9
What is the value of 0 - (72 - 3) - (5047 - 5036)?
-80
Evaluate 1 + 3 + 54 + 1 - ((-81 - 172) + 241).
71
Evaluate -11 + 30 + -91 + 38.
-34
Evaluate -680 + 678 - (-1 - 93).
92
Calculate 11 + -22 + 13 + (-13 - (-3 - 1)).
-7
Evaluate 21 - ((-6 - (3 + -6)) + (1 - 11)).
34
What is the value of (51 - -2) + (-26 - (-27 - -17)) - 8?
29
What is -19 + (-74 - -72) + (1 - 24)?
-44
What is -6 - (-14 - -69) - -88?
27
What is the value of 15 + (-6 - (-1 - 14 - (12 - 8)))?
28
Calculate 5 + 66 + 4 + -3 - (0 - (0 + 7)).
79
What is the value of (6 + -6 + 1 - 2) + -49 + 40 + -35?
-45
Evaluate (-55 - 2 - 1) + 5 + (-111 - -109).
-55
Evaluate (7 + -41 + -16 - -14) + 4.
-32
Calculate 61 + 6 + -5 + 3 + -12 - 5.
48
What is the value of 51 + -3 + (294 - 376)?
-34
What is the value of (-55 - (9 + -22)) + 73?
31
What is -47 + -8 + (50 - -44)?
39
Evaluate -15 - (-27 - (20 + -27)) - -42.
47
Evaluate -82 + 12 - -64 - (11 + (-2 - 0)).
-15
Calculate (46 - 68) + 51 + (-1 - 11 - 3).
14
What is the value of 46 - (65 + -43) - -84?
108
What is 18 + 2 + (52 - (-6 - -19))?
59
What is the value of (-14 - -5) + -1996 + 1936?
-69
Calculate (-28 - -18 - 1) + -2 + 10 + 9 - 45.
-39
What is (-16 - 34) + 30 - (21 + 6)?
-47
What is 2 + (2 + -7 - (-28 + 31)) + 61?
55
-9 - (-4 + 3 + 1 + -6 - 35)
32
0 - -11 - ((0 - -7 - (-120 - -129)) + -16)
29
What is the value of 34 + (35 - 92) - (13 + 3 + -29)?
-10
What is the value of (9 - (60 - 11)) + 52?
12
What is 84 - -2 - (38 - 2)?
50
What is -34 + (18 - -3) + 34 - 9?
12
Evaluate (110 - 126) + 33 - -81.
98
What is the value of 18 - ((34 + -14 - -16) + -20) - 23?
-21
Evaluate (-23 + 29 - 12) + -22 + 31.
3
What is the value of (25 + -7 - 35 - -13) + -2 + 1?
-5
Calculate -9 + 23 - 30 - (-50 + 8 + 4).
22
Calculate 7614 - 7658 - (25 + 1).
-70
Evaluate -13 - -62 - (4 - (-15 + 1)).
31
Calculate 20 + (-39 - (53 - 113)).
41
(1 - 4) + 68 + (53 - (116 + -51))
53
-139 - -235 - 45 - 74
-23
What is the value of -1 + 22 + -3 + 7 - 5 - 156?
-136
88 - ((-27 - -85) + -7)
37
What is the value of (8 - 5 - -32 - 27) + (1 - 49)?
-40
(-75 - (71 + -137)) + (-1 - -7) + (-32 - 2)
-37
What is the value of -36 + -2 + 27 + 69?
58
What is -30 + (-13 - (26 - (10 - -3) - 39))?
-17
-83 - (-103 + -70 - -104)
-14
What is 75 + (-103 - -46) - (0 - 3 - -65)?
-44
What is 4 + -2 - (39 + 22 + -14 - 5)?
-40
Evaluate -15 + 3 + -3 + 0 + -2.
-17
Calculate 79 - (67 + -3 + -37 + 0).
52
(-53 - (-20 - -61)) + 46
-48
Calculate (-20 + -6 - 0) + (-68 - -52).
-42
What is (-6 - 10) + -105 - (-187 - -181)?
-115
Calculate 8 - 10 - -3 - (3 + 2 + -1 + -9).
6
Calculate 5 - ((-79 - -45) + 33 + (0 - (24 - 1))).
29
(32 + 4 - (19 + 12)) + (15 - -1)
21
Calculate 0 - -11 - (30 - (-15 + 16 + 4)).
-14
What is the value of 13 + -4 - (2 + -3 + -23) - 19?
14
Calculate 3 + -2 + 4 - (85 + -48 + -55 - -126).
-103
Evaluate -29 - -47 - (-25 + 28).
15
What is the value of -5 - (-1 + -5 + -43 + -60 + 52)?
52
What is the value of 4 + (-2 - -2 - 9) + (-5 - -41)?
31
What is 60 - -12 - (-33 + (28 - -27))?
50
What is -69 - ((11 - ((-1 - -7) + -4)) + -10 + -4)?
-64
110 + -155 + (-10 - -46)
-9
(13 - -28) + -2 - 60
-21
What is (5 + 4 - (126 + -84)) + -17?
-50
What is the value of 32 - (7 - 2 - 2) - (-22 + (-9 - -38))?
22
Calculate -56 + 12 + (-19 + 16 - 31).
-78
What is 35 - (-51 + 24 - (4 - 64))?
2
Calculate -16 - (415 + -395 + 1 + -30).
-7
What is the value of -116 - ((86 - 157) + -31)?
-14
Calculate 26 + -71 + -129 - -69.
-105
Calculate 55 + -14 + 0 + 14 + -19 + 7.
43
What is the value of 49 + (19 + -70 - -19)?
17
What is (5 - -1) + -11 + 6 + 21 + -7 + 72?
87
What is -1 + -4 - (190 - (-9 - -137))?
-67
What is the value of -632 + 644 + (2 - 17) + -55 + -1?
-59
What is the value of (-1 - -22 - (-16 - (-64 - -36))) + 12?
21
What is 53 - ((48 - 4) + (7 - 29) - 19)?
50
What is -41 + -7 + -678 + 678?
-48
What is the value of 32 - ((6 - 130) + 80)?
76
33 + (31 - (18 + 28)) + (5 - 2) + 5
26
Calculate -2 + 143 - (-82 + 72 + -22 + 21).
152
-82 + -14 - -44 - -37
-15
(-75 - -74 - 36) + 58
21
Calculate (-10 + (-5 - -13) - -5) + -2 + -7 + 3.
-3
What is the value of 1 + (-2 - 0 - ((-18 - -9) + 9) - -8)?
7
Evaluate (-11 + -3 - 3) + 5 + -13.
-25
What is the value of -7 + ((-10 - 12) + 24 - (1 + (2 - 38)))?
30
107 + (-63 - -107 - 66)
85
109 + 102 + -308 - (-3 - (0 - (3 - 2)))
-95
286 + -297 - (6 - 5 - (33 + 2))
23
Calculate 20 - (5 + (139 - 80)).
-44
What is the value of (-1 - -2) + -53 - (-9 + 11)?
-54
Evaluate 63 - (-11 + 20 + 41).
13
Evaluate -16 + (27 - (3 - (-30 - -23))).
1
What is (3 - 18) + 1 + 3 + -4137 + 4204?
56
Calculate -43 - 92 - 18 - -41.
-112
Calculate 1 + -26 + (-11 - -3 - -10 - -1).
-22
Calculate -104 - -98 - (-22 - -9).
7
-17 - (-8 + 17 - (31 + 41)) - -17
63
9 - 25 - (-8 + 6) - 21
-35
What is the value of 43 - (24 + (-25 - (-3 - 16)))?
25
What is 9 - ((-1 - 63) + 7 + -19 + -1)?
86
Calculate (4 + 5 + 9 - (6 + -1)) + -70.
-57
-34 + -194 + (144 - 18)
-102
Calculate 30 + 25 - (6 + -2 + 0) - (-297 + 282).
66
Calculate -15 - ((58 - 13) + -39).
-21
Calculate 231 + 64 + -189 - 41.
65
3 + (10 - 24) - (16 + 2)
-29
What is 43 + 13 + 8 + -4 + 18?
78
What is the value of -7 + (-94 - -96) - (0 + -1 + -35)?
31
What is the value of 2764 - 2756 - (-8 + 17 - (0 - 2))?
-3
What is the value of (-65 - 167 - -210) + (-2 - 20)?
-44
What is the value of 88 - 99 - (6 - ((0 - -16) + (-11 - -5)))?
-7
Evaluate 324 + -369 - (110 + -18).
-137
-13 - (62 + -81 - ((-4 - 6) + 4 - 8))
-8
What is -19 + -20 + 25 + (-4 - -9 - 0)?
-9
What is (-18 + 7 + 7 - -13) + (16 + -5 - 127)?
-107
What is the value of (-4 - 23) + ((9 - 10) + -10 - 0)?
-38
3 + 35 + -17 + 26
47
Evaluate 22 - 17 - (2 + 7) - -23.
19
129 + -108 - (-9 + -10)
40
What is the value of -13 + (141 - 22) + -15 - 6?
85
What is 11 - (-41 - -144) - -144?
52
Calculate 12 + 172 + (628 - 784).
28
What is -8 + 8 + -1017 + 993?
-24
What is the value of 33 + -14 + (-81 - -42)?
-20
What is the value of -47 + -6 + 3 + 6 + (1 - -1)?
-42
Calculate (-14 - -1) + 17 - 11 - 16.
-23
2 - (10 - (1 - -12) - 50)
55
What is the value of (8 + -2 - (-40 + -2 - -55)) + 47?
40
What is the value of -30 - (16 - (11 - (-15 + 26) - -14 - 6))?
-38
What is the value of 30 + -44 + 10 + 0 + 24?
20
Evaluate 1308 + -1344 - (-44 - 2).
10
(137 + -14 - 125) + -17 + -1
-20
What is (2 + -3 - -28) + -2 + (-2 + 12 - 5)?
30
What is -50 + -2 - 3 - (-83 + 25 + 67)?
-64
What is 45 - (3 - 11 - -6 - 5 